{"id":385,"date":"2016-01-10T11:26:49","date_gmt":"2016-01-10T09:26:49","guid":{"rendered":"http:\/\/franco-tcheque-nantes.org\/?page_id=385"},"modified":"2023-09-27T11:59:22","modified_gmt":"2023-09-27T09:59:22","slug":"bibliotheque-2","status":"publish","type":"page","link":"https:\/\/franco-tcheque-nantes.org\/?page_id=385&lang=cs","title":{"rendered":"Biblioth\u00e8que"},"content":{"rendered":"<h2 style=\"text-align: center;\"><span style=\"color: #113d7a;\">Biblioth\u00e8que tch\u00e8que \u00e0 Nantes<\/span><\/h2>\n<p>AFTN a dans sa biblioth\u00e8que de la litt\u00e9rature pour des adultes et enfants; livres, magazines, CD et DVD et propose leur pr\u00eat gratuitement aux membres de l&rsquo;association. La biblioth\u00e8que n&rsquo;est plus disponible en libre acc\u00e8s dans un lieu publique mais vous pouvez nous contacter par mail pour arranger un pr\u00eat:\u00a0<a href=\"mailto:biblio.tcheque.nantes@gmail.com\">biblio.tcheque.nantes@gmail.com<\/a><\/p>\n<p>&nbsp;<\/p>\n<p>Un \u00e9chantillon de livres jeunesse est disponible pendant les cours de l&rsquo;\u00e9cole tch\u00e8que et il est renouvel\u00e9 r\u00e9guli\u00e8rement.<\/p>\n<p>Un autre \u00e9chantillon (romans, policiers, ..) circule parmi les membres et est disponible pendant les activit\u00e9s organis\u00e9es par l&rsquo;association.<\/p>\n<p>&nbsp;<\/p>\n<p>Avant tout contact nous vous conseillons de consulter le <a href=\"http:\/\/franco-tcheque-nantes.org\/wp-content\/uploads\/2023\/09\/Databaze-knihovny-AFT-v5-2020-2.xlsx\">catalogue <\/a><\/p>\n<p>&nbsp;<\/p>\n<hr \/>\n<h3 style=\"text-align: center;\"><span style=\"color: #113d7a;\"><strong>Remerciements<\/strong><\/span><\/h3>\n<p>La biblioth\u00e8que tch\u00e8que a \u00e9t\u00e9 fond\u00e9 gr\u00e2ce \u00e0 nombreux donateurs particuliers ou des maisons d&rsquo;\u00e9dition, magazines et biblioth\u00e8ques tch\u00e8ques. Nous remercions cordialement \u00e0 tous ces donateurs et nous le listons dans la section M\u00e9c\u00e8nes et remerciements<\/p>\n<p>Pour t\u00e9l\u00e9chargement de la litt\u00e9rature tch\u00e8que en format PDF ou en forme audio, regardez dans la section Liens culturels utiles !<\/p>\n","protected":false},"excerpt":{"rendered":"<p>Biblioth\u00e8que tch\u00e8que \u00e0 Nantes AFTN a dans sa biblioth\u00e8que de la litt\u00e9rature pour des adultes et enfants; livres, magazines, CD et DVD et propose leur pr\u00eat gratuitement aux membres de l&rsquo;association. La biblioth\u00e8que n&rsquo;est plus disponible en libre acc\u00e8s dans un lieu publique mais vous pouvez nous contacter par mail pour arranger un pr\u00eat:\u00a0biblio.tcheque.nantes@gmail.com &nbsp; &hellip;<\/p>\n","protected":false},"author":1,"featured_media":0,"parent":0,"menu_order":0,"comment_status":"open","ping_status":"open","template":"","meta":{"footnotes":""},"class_list":["post-385","page","type-page","status-publish","hentry"],"_links":{"self":[{"href":"https:\/\/franco-tcheque-nantes.org\/index.php?rest_route=\/wp\/v2\/pages\/385","targetHints":{"allow":["GET"]}}],"collection":[{"href":"https:\/\/franco-tcheque-nantes.org\/index.php?rest_route=\/wp\/v2\/pages"}],"about":[{"href":"https:\/\/franco-tcheque-nantes.org\/index.php?rest_route=\/wp\/v2\/types\/page"}],"author":[{"embeddable":true,"href":"https:\/\/franco-tcheque-nantes.org\/index.php?rest_route=\/wp\/v2\/users\/1"}],"replies":[{"embeddable":true,"href":"https:\/\/franco-tcheque-nantes.org\/index.php?rest_route=%2Fwp%2Fv2%2Fcomments&post=385"}],"version-history":[{"count":9,"href":"https:\/\/franco-tcheque-nantes.org\/index.php?rest_route=\/wp\/v2\/pages\/385\/revisions"}],"predecessor-version":[{"id":10404,"href":"https:\/\/franco-tcheque-nantes.org\/index.php?rest_route=\/wp\/v2\/pages\/385\/revisions\/10404"}],"wp:attachment":[{"href":"https:\/\/franco-tcheque-nantes.org\/index.php?rest_route=%2Fwp%2Fv2%2Fmedia&parent=385"}],"curies":[{"name":"wp","href":"https:\/\/api.w.org\/{rel}","templated":true}]}}