{"id":418,"date":"2016-01-10T12:07:23","date_gmt":"2016-01-10T10:07:23","guid":{"rendered":"http:\/\/franco-tcheque-nantes.org\/?page_id=418"},"modified":"2018-03-19T17:30:29","modified_gmt":"2018-03-19T15:30:29","slug":"kalendar-akci-program-2","status":"publish","type":"page","link":"https:\/\/franco-tcheque-nantes.org\/?page_id=418&lang=fr","title":{"rendered":"Kalend\u00e1\u0159 akc\u00ed (program)"},"content":{"rendered":"<hr>\n<h2 style=\"text-align: center;\">Mars 2018<\/h2>\n<p><strong>PAQUES TCHEQUES AVEC l\u2019AFTN<\/strong><\/p>\n<p><b><span lang=\"FR\">Dimanche 25 mars 2018 \u00e0 15h \u00e0 la Maison de l\u2019Europe de Nantes<\/span><\/b><\/p>\n<p>Chers amis,<\/p>\n<p>venez f\u00eater avec nous l\u2019arriv\u00e9e du printemps et les P\u00e2ques tch\u00e8ques, dans le respect&nbsp;des traditions : Nous allons tresser ensemble la \u00ab pomlazka \u00bb \u00e0 partir de jeunes branches de saule&nbsp;et d\u00e9corer les \u0153ufs.<\/p>\n<p>Afin de faciliter l\u2019organisation, merci de vous inscrire au plus tard le vendredi 14 octobre en&nbsp;envoyant un mail \u00e0 assofrancotchequenantes@gmail.com.<\/p>\n<p><em>Participation :&nbsp;Membres 3 eur (contribution pour le mat\u00e9riel, entr\u00e9e gratuite), non membres 6 eur (entr\u00e9e + mat\u00e9riel).&nbsp;Il est possible d&rsquo;adh\u00e9rer sur place).<\/em><\/p>\n<p><span lang=\"FR\">&nbsp;<\/span><span lang=\"FR\">AFTN<\/span><\/p>\n<hr class=\"ttfmake-hr\" style=\"border-style: solid; border-top-width: 1px;\">\n<h2 style=\"text-align: center;\">F\u00e9vrier 2018<\/h2>\n<p><b><span lang=\"FR\">VIDE-GRENIER AVEC L\u2019ASSOCIATION FRANCO-TCHEQUE<\/span><\/b><b><\/b><\/p>\n<p><b><span lang=\"FR\">Dimanche 4 f\u00e9vrier 2018 de 14h \u00e0 17h \u00e0 la Maison de l\u2019Europe de Nantes<\/span><\/b><\/p>\n<p><span lang=\"FR\">Chers amis,<\/span><\/p>\n<p><span lang=\"FR\">Si vous avez trop d\u2019habits que vous ne portez plus, trop d\u2019objets qui ne vous servent plus, trop de v\u00eatements devenus trop petits pour vos enfants qui grandissent, trop de vaisselle, trop de fleurs, trop de quoi que ce soit&#8230;.amenez toutes ces choses de trop \u00e0 la Maison de l\u2019Europe lors du vide-grenier organis\u00e9 par l\u2019Association dimanche prochain, elles pourront peut-\u00eatre servir \u00e0 quelqu\u2019un&nbsp;!<\/span><\/p>\n<p><span lang=\"FR\">&nbsp;<\/span><span lang=\"FR\">Un petit moment de convivialit\u00e9 est pr\u00e9vu autour d\u2019un th\u00e9 et des biscuits&#8230;<\/span><\/p>\n<p><span lang=\"FR\">&nbsp;<\/span><span lang=\"FR\">Au plaisir de vous y retrouver&nbsp;!<\/span><\/p>\n<p><span lang=\"FR\">&nbsp;<\/span><span lang=\"FR\">AFTN<\/span><\/p>\n","protected":false},"excerpt":{"rendered":"<p>Mars 2018 PAQUES TCHEQUES AVEC l\u2019AFTN Dimanche 25 mars 2018 \u00e0 15h \u00e0 la Maison de l\u2019Europe de Nantes Chers amis, venez f\u00eater avec nous l\u2019arriv\u00e9e du printemps et les P\u00e2ques tch\u00e8ques, dans le respect&nbsp;des traditions : Nous allons tresser ensemble la \u00ab pomlazka \u00bb \u00e0 partir de jeunes branches de saule&nbsp;et d\u00e9corer les \u0153ufs. &hellip;<\/p>\n","protected":false},"author":1,"featured_media":0,"parent":0,"menu_order":0,"comment_status":"closed","ping_status":"closed","template":"","meta":{"footnotes":""},"class_list":["post-418","page","type-page","status-publish","hentry"],"_links":{"self":[{"href":"https:\/\/franco-tcheque-nantes.org\/index.php?rest_route=\/wp\/v2\/pages\/418","targetHints":{"allow":["GET"]}}],"collection":[{"href":"https:\/\/franco-tcheque-nantes.org\/index.php?rest_route=\/wp\/v2\/pages"}],"about":[{"href":"https:\/\/franco-tcheque-nantes.org\/index.php?rest_route=\/wp\/v2\/types\/page"}],"author":[{"embeddable":true,"href":"https:\/\/franco-tcheque-nantes.org\/index.php?rest_route=\/wp\/v2\/users\/1"}],"replies":[{"embeddable":true,"href":"https:\/\/franco-tcheque-nantes.org\/index.php?rest_route=%2Fwp%2Fv2%2Fcomments&post=418"}],"version-history":[{"count":10,"href":"https:\/\/franco-tcheque-nantes.org\/index.php?rest_route=\/wp\/v2\/pages\/418\/revisions"}],"predecessor-version":[{"id":10263,"href":"https:\/\/franco-tcheque-nantes.org\/index.php?rest_route=\/wp\/v2\/pages\/418\/revisions\/10263"}],"wp:attachment":[{"href":"https:\/\/franco-tcheque-nantes.org\/index.php?rest_route=%2Fwp%2Fv2%2Fmedia&parent=418"}],"curies":[{"name":"wp","href":"https:\/\/api.w.org\/{rel}","templated":true}]}}

Kalendář akcí (program)

<hr>
<h2 style="text-align: center;">Mars 2018</h2>
<p><strong>PAQUES TCHEQUES AVEC l’AFTN</strong></p>
<p><b><span lang="FR">Dimanche 25 mars 2018 à 15h à la Maison de l’Europe de Nantes</span></b></p>
<p>Chers amis,</p>
<p>venez fêter avec nous l’arrivée du printemps et les Pâques tchèques, dans le respect&nbsp;des traditions : Nous allons tresser ensemble la « pomlazka » à partir de jeunes branches de saule&nbsp;et décorer les œufs.</p>
<p>Afin de faciliter l’organisation, merci de vous inscrire au plus tard le vendredi 14 octobre en&nbsp;envoyant un mail à assofrancotchequenantes@gmail.com.</p>
<p><em>Participation :&nbsp;Membres 3 eur (contribution pour le matériel, entrée gratuite), non membres 6 eur (entrée + matériel).&nbsp;Il est possible d&rsquo;adhérer sur place).</em></p>
<p><span lang="FR">&nbsp;</span><span lang="FR">AFTN</span></p>
<hr class="ttfmake-hr" style="border-style: solid; border-top-width: 1px;">
<h2 style="text-align: center;">Février 2018</h2>
<p><b><span lang="FR">VIDE-GRENIER AVEC L’ASSOCIATION FRANCO-TCHEQUE</span></b><b></b></p>
<p><b><span lang="FR">Dimanche 4 février 2018 de 14h à 17h à la Maison de l’Europe de Nantes</span></b></p>
<p><span lang="FR">Chers amis,</span></p>
<p><span lang="FR">Si vous avez trop d’habits que vous ne portez plus, trop d’objets qui ne vous servent plus, trop de vêtements devenus trop petits pour vos enfants qui grandissent, trop de vaisselle, trop de fleurs, trop de quoi que ce soit&#8230;.amenez toutes ces choses de trop à la Maison de l’Europe lors du vide-grenier organisé par l’Association dimanche prochain, elles pourront peut-être servir à quelqu’un&nbsp;!</span></p>
<p><span lang="FR">&nbsp;</span><span lang="FR">Un petit moment de convivialité est prévu autour d’un thé et des biscuits&#8230;</span></p>
<p><span lang="FR">&nbsp;</span><span lang="FR">Au plaisir de vous y retrouver&nbsp;!</span></p>
<p><span lang="FR">&nbsp;</span><span lang="FR">AFTN</span></p>

<p>Mars 2018 PAQUES TCHEQUES AVEC l’AFTN Dimanche 25 mars 2018 à 15h à la Maison de l’Europe de Nantes Chers amis, venez fêter avec nous l’arrivée du printemps et les Pâques tchèques, dans le respect&nbsp;des traditions : Nous allons tresser ensemble la « pomlazka » à partir de jeunes branches de saule&nbsp;et décorer les œufs. &hellip;</p>
