{"id":428,"date":"2016-01-10T12:20:02","date_gmt":"2016-01-10T10:20:02","guid":{"rendered":"http:\/\/franco-tcheque-nantes.org\/?page_id=428"},"modified":"2017-12-22T16:06:11","modified_gmt":"2017-12-22T14:06:11","slug":"liens-vers-dautres-associations-franco-tcheques","status":"publish","type":"page","link":"https:\/\/franco-tcheque-nantes.org\/?page_id=428&lang=cs","title":{"rendered":"Liens vers d\u2019autres associations franco-tch\u00e8ques"},"content":{"rendered":"<h3><span style=\"color: #113d7a;\"><a href=\"http:\/\/www.maisoneurope-nantes.eu\/\">Maison de l&rsquo;Europe de Nantes<\/a><\/span><\/h3>\n<p><a href=\"http:\/\/www.maisoneurope-nantes.eu\/\">http:\/\/www.maisoneurope-nantes.eu\/<\/a><br \/>\n33, rue de Strasbourg &#8211; 44000 Nantes<br \/>\nTel&nbsp;: +33 (0) 2 40 48 65 49<br \/>\ncontact (at) maisoneurope-nantes.eu<\/p>\n<h3><span style=\"color: #113d7a;\"><a href=\"http:\/\/www.franco-tcheque-lyon.fr\/\">Association franco-tch\u00e8que de Lyon<\/a><\/span><\/h3>\n<p><a href=\"http:\/\/www.franco-tcheque-lyon.fr\">http:\/\/www.franco-tcheque-lyon.fr<\/a><\/p>\n<h3><span style=\"color: #113d7a;\"><a href=\"http:\/\/skolalyon.wordpress.com\/\">\u0160kola u babi\u010dek &#8211; \u010cesk\u00e1 \u0161kola v&nbsp;Lyonu<\/a><\/span><\/h3>\n<p><a href=\"https:\/\/skolalyon.wordpress.com\">https:\/\/skolalyon.wordpress.com<\/a><\/p>\n<h3><span style=\"color: #113d7a;\"><a href=\"http:\/\/www.csmpf.com\/\">Asociace \u010desk\u00fdch student\u016f a mlad\u00fdch profesion\u00e1l\u016f ve Francii<\/a><\/span><\/h3>\n<p><a href=\"http:\/\/www.csmpf.com\/\">http:\/\/www.csmpf.com\/<\/a><\/p>\n<h3><span style=\"color: #113d7a;\"><a href=\"http:\/\/www.franco-tcheque-aquitaine.com\/\">Association Franco-Tch\u00e8que d&rsquo;Aquitaine<\/a><\/span><\/h3>\n<p><a href=\"http:\/\/www.franco-tcheque-aquitaine.com\/\">http:\/\/www.franco-tcheque-aquitaine.com\/<\/a><\/p>\n<h3><span style=\"color: #113d7a;\"><a href=\"http:\/\/www.pragueaccueil.com\">Prague Accueil<\/a><\/span><\/h3>\n<p><a href=\"http:\/\/www.pragueaccueil.com\/\">www.pragueaccueil.com<br \/>\n<\/a>Alexandra Stern<br \/>\n722 564&nbsp;728<\/p>\n<h3><span style=\"color: #113d7a;\"><a href=\"http:\/\/www.ants-caen.fr\/\">Amiti\u00e9 normande, tch\u00e8que et slovaque<\/a><\/span><\/h3>\n<p><a href=\"http:\/\/www.ants-caen.fr\/\">http:\/\/www.ants-caen.fr\/<\/a><\/p>\n<h3><span style=\"color: #113d7a;\"><a href=\"http:\/\/www.aots.com\/\">Association des originaires et amis des pays&nbsp;tch\u00e8ques et&nbsp;slovaques<\/a><\/span><\/h3>\n<p><a href=\"http:\/\/www.aots.com\/\">http:\/\/www.aots.com\/<\/a><\/p>\n<h3><span style=\"color: #113d7a;\"><a href=\"http:\/\/paris.czechcentres.cz\/\">Centre Tch\u00e8que &#8211; Paris<\/a><\/span><\/h3>\n<p><a href=\"http:\/\/paris.czechcentres.cz\/\">http:\/\/paris.czechcentres.cz\/<br \/>\n<\/a><a href=\"https:\/\/www.youtube.com\/user\/CentretchequedeParis\">https:\/\/www.youtube.com\/user\/CentretchequedeParis<\/a><br \/>\n\u010cesk\u00e9 centrum Pa\u0159\u00ed\u017e,<br \/>\n18 rue Bonaparte, Paris 75006<br \/>\ntel : 01 53 73 00 22,<br \/>\nfax : 01 53 73 00 27,<br \/>\ne-mail:&nbsp;<a href=\"mailto:ccparis@czech.cz\">ccparis@czech.cz<\/a><\/p>\n<h3><span style=\"color: #113d7a;\"><a href=\"https:\/\/www.facebook.com\/Association-franco-tch\u00e8que-en-Bretagne-1385869125036421\/\">Association franco-tch\u00e8que de Rennes<\/a><\/span><\/h3>\n<p><a href=\"https:\/\/www.facebook.com\/Association-franco-tch\u00e8que-en-Bretagne-1385869125036421\/\">https:\/\/www.facebook.com\/Association-franco-tch\u00e8que-en-Bretagne-1385869125036421\/<\/a><\/p>\n<hr>\n<h2 style=\"text-align: center;\"><span style=\"color: #113d7a;\">Dialogue tch\u00e8que<\/span><\/h2>\n<h3><span style=\"color: #113d7a;\"><a href=\"http:\/\/lyonslovac.wordpress.com\/\">LYONSLOVAC: blog Slovakov a \u010cechov v&nbsp;Lyon\u011b a okol\u00ed<\/a><\/span><\/h3>\n<p><a href=\"https:\/\/lyonslovac.wordpress.com\">https:\/\/lyonslovac.wordpress.com<\/a><\/p>\n<h3><span style=\"color: #113d7a;\"><a href=\"http:\/\/europecentrale.asso-web.com\/\">Dialogues France \u2013 Europe centrale<br \/>\nLe site de r\u00e9f\u00e9rence des cultures centre-europ\u00e9ennes<\/a><\/span><\/h3>\n<p><a href=\"http:\/\/europecentrale.asso-web.com\/\">http:\/\/europecentrale.asso-web.com\/<\/a><\/p>\n<h3><span style=\"color: #113d7a;\"><a href=\"http:\/\/www.cce-nantes.eu\/\">Centre Culturel Europ\u00e9en \/Nantes\/<\/a><\/span><\/h3>\n<p><a href=\"http:\/\/www.cce-nantes.eu\/\">http:\/\/www.cce-nantes.eu\/<\/a><\/p>\n","protected":false},"excerpt":{"rendered":"<p>Maison de l&rsquo;Europe de Nantes http:\/\/www.maisoneurope-nantes.eu\/ 33, rue de Strasbourg &#8211; 44000 Nantes Tel&nbsp;: +33 (0) 2 40 48 65 49 contact (at) maisoneurope-nantes.eu Association franco-tch\u00e8que de Lyon http:\/\/www.franco-tcheque-lyon.fr \u0160kola u babi\u010dek &#8211; \u010cesk\u00e1 \u0161kola v&nbsp;Lyonu https:\/\/skolalyon.wordpress.com Asociace \u010desk\u00fdch student\u016f a mlad\u00fdch profesion\u00e1l\u016f ve Francii http:\/\/www.csmpf.com\/ Association Franco-Tch\u00e8que d&rsquo;Aquitaine http:\/\/www.franco-tcheque-aquitaine.com\/ Prague Accueil www.pragueaccueil.com Alexandra Stern &hellip;<\/p>\n","protected":false},"author":1,"featured_media":0,"parent":0,"menu_order":0,"comment_status":"closed","ping_status":"closed","template":"","meta":{"footnotes":""},"class_list":["post-428","page","type-page","status-publish","hentry"],"_links":{"self":[{"href":"https:\/\/franco-tcheque-nantes.org\/index.php?rest_route=\/wp\/v2\/pages\/428","targetHints":{"allow":["GET"]}}],"collection":[{"href":"https:\/\/franco-tcheque-nantes.org\/index.php?rest_route=\/wp\/v2\/pages"}],"about":[{"href":"https:\/\/franco-tcheque-nantes.org\/index.php?rest_route=\/wp\/v2\/types\/page"}],"author":[{"embeddable":true,"href":"https:\/\/franco-tcheque-nantes.org\/index.php?rest_route=\/wp\/v2\/users\/1"}],"replies":[{"embeddable":true,"href":"https:\/\/franco-tcheque-nantes.org\/index.php?rest_route=%2Fwp%2Fv2%2Fcomments&post=428"}],"version-history":[{"count":7,"href":"https:\/\/franco-tcheque-nantes.org\/index.php?rest_route=\/wp\/v2\/pages\/428\/revisions"}],"predecessor-version":[{"id":10193,"href":"https:\/\/franco-tcheque-nantes.org\/index.php?rest_route=\/wp\/v2\/pages\/428\/revisions\/10193"}],"wp:attachment":[{"href":"https:\/\/franco-tcheque-nantes.org\/index.php?rest_route=%2Fwp%2Fv2%2Fmedia&parent=428"}],"curies":[{"name":"wp","href":"https:\/\/api.w.org\/{rel}","templated":true}]}}